= 0. Let l = d + 421. What is the tens digit of l?
5
Let q = 114 + -112. Suppose -3084 = -5*f + q*f. Suppose 4648 - f = 20*s. What is the tens digit of s?
8
Suppose 628 + 169 = -2*c + 5*x, 2*c = -4*x - 824. Let q = c + 604. Suppose 5*a = 8*a - q. What is the tens digit of a?
6
Let y = -25 - 432. Let c be 2 - 697*(-3 - -2). Let x = c + y. What is the tens digit of x?
4
Suppose -c + 3*f + 69 = -0*f, c + 4*f - 55 = 0. Let x(d) = -3*d - 25 + c + 40 + 2*d. What is the tens digit of x(0)?
7
Let y(t) = t**2 - 3*t + 1. Let r(i) = 3*i**2 - 26*i + 5. Let g(z) = -r(z) + 5*y(z). Suppose -5*x = 17 + 38. What is the tens digit of g(x)?
2
Let v = -12424 - -28232. What is the tens digit of v?
0
Suppose 50*h - 8*h - 971297 = 1062889. What is the units digit of h?
3
Let n be (1 - (-5)/(-3))*3. Suppose 1742*k - 1734*k = -44288. What is the units digit of 2/11 - (k/44 - n)?
4
Let h = 1056 + -492. Suppose h*p - 568*p = -2192. What is the hundreds digit of p?
5
Let y be 16/(-8)*(-1 + (-7)/2). Suppose -168 = 2*q - y*q. What is the units digit of q?
4
Let g(u) = u**2 - 25*u - 18. Let z(d) = -9*d - 24. Let l be z(-6). Let x be g(l). Let w = 41 + x. What is the tens digit of w?
7
Let i(z) = 1854*z**2 - 24*z + 21. What is the units digit of i(1)?
1
Suppose 0 = 2*z - 2*d - 240, 4*d = 2*z - 4*z + 210. What is the units digit of (115/z)/((10/1116)/5)?
8
Let o = -621 + 100. Let k = o + 183. What is the tens digit of 2/(-4)*k*(-2 - -3)?
6
What is the units digit of ((-28)/(-8) + (-1)/(-2))*237570/20?
4
Suppose 5*n + 30 = 2*h - h, 0 = h. What is the tens digit of -4 + (-376)/n + 6/18?
5
Let y(l) = -l**2 - 2*l - 6. Let h be y(-3). Let z(b) = b**3 + 8*b**2 - 10*b + 22. Let d be z(h). Let m = d - -16. What is the tens digit of m?
4
Suppose -3*z = 14 - 8. Let r = -5 - z. What is the units digit of ((-1)/r)/(1/303)?
1
Suppose 4*t - 11297 = -3*d, 3*d - 2804 = 105*t - 106*t. What is the units digit of t?
1
Suppose 0 = 6*y + 11 - 5. Let m(r) = 1531*r**2 - 2. Let f be m(y). Suppose -5*z = -16*z + f. What is the tens digit of z?
3
Let q = 299 + -183. Let p = q + 113. Let m = -29 + p. What is the units digit of m?
0
Let j(m) = -409*m - 901. What is the hundreds digit of j(-19)?
8
Let h(a) = 27*a**3 - 2*a**2 + 7*a - 3. Let m be h(3). What is the hundreds digit of m - (-1)/(2/6)?
7
Suppose -49*g - 129 = -50*g. What is the units digit of 1/(648/g - 5)?
3
Let c(v) = 138*v**2 + 27*v + 7. Let g be c(4). Suppose g = -18*q + 8353. What is the hundreds digit of q?
3
What is the ten thousands digit of ((10/2)/5)/(2147805/238644 - 9)?
2
Let q(u) = -379*u - 377. What is the tens digit of q(-16)?
8
Suppose -3*p - 71522 = -2*u + 5403, -153899 = -4*u - p. What is the thousands digit of u?
8
Suppose -11169554 = 119*y - 520*y - 1502246. What is the thousands digit of y?
4
Suppose -2*v + p + 4 = 0, -2*p = 3*v - 5*p. Let j = 11 - 11. Suppose 8*d - v*d - 368 = j. What is the tens digit of d?
9
Let x(v) = v**3 + 10*v**2 - 2*v + 6. Let l be x(-8). Let r = -54 + l. What is the tens digit of r?
9
Let i = 7 + 12. Suppose -i*q = -1016 - 979. What is the hundreds digit of q?
1
Let c = 263 + -264. What is the units digit of (c + 2 + -3)*(0 + -287)?
4
Let v(m) = 33*m + 17. Let c be v(-1). What is the hundreds digit of c/(-72) - (-3)/((-81)/(-13008))?
4
Suppose 6*t + 30 = 11*t. Suppose t*c = c. Suppose -3*n + 65 + 124 = c. What is the units digit of n?
3
Let z be (-7289)/8 - (-15)/120. Let a = 56 - z. What is the tens digit of a?
6
What is the thousands digit of (-1 - -2)/(6 - 399016/66504)?
8
Let h(x) = -2*x + 22. Let l be h(9). Let v be 1/l*24/2. Suppose 324 = 5*z - v*j, 2*z + 2*z - 2*j = 258. What is the units digit of z?
3
Let i(d) = -114*d**3 + 15*d**2 + 101*d - 32. What is the tens digit of i(-6)?
2
Let d = 12 + -10. Let k(n) = 3*n**3 + 4*n**2 + 2*n - 4. Let u be k(d). Let o = u + -37. What is the units digit of o?
3
Suppose 0 = 3*x + 12, -z = -4*z - 2*x - 3398. Let c = z + 1828. What is the hundreds digit of c?
6
Let k = 45 - 32. Let a = 15 - k. Suppose 0 = a*z - r - 51, 0*r - 84 = -4*z - 4*r. What is the units digit of z?
4
What is the units digit of 194244/(60/5) + 0 + 4?
1
Suppose -3*c - x + 118622 = 0, 13*c - 14*c - 4*x = -39570. What is the units digit of c?
8
Suppose x + 1071 + 617 = 0. Let u be 3/(30/x)*(-350)/28. What is the units digit of u/18 - ((-2)/(-9) - 0)?
7
Suppose n - 2897 = 2*h - 4*h, 2*n = -h + 5785. What is the tens digit of n?
9
Suppose -7*w = -4*l - 4*w + 8, -w = 0. Suppose -l*t = -t - 2. Suppose 4*a + 13*c - 9*c - 600 = 0, -a + t*c + 144 = 0. What is the units digit of a?
8
What is the thousands digit of 0 - 297984/(-46) - 548/(-6302)?
6
Suppose -r + 4*o = 160, 11*r + 3*o - 315 = 13*r. Let m be (-1)/((-1)/r*-2). Let d = m + -10. What is the units digit of d?
8
Let p(q) = -336*q - 194. Let t(r) = 169*r + 96. Let a(j) = 2*p(j) + 5*t(j). What is the thousands digit of a(6)?
1
Let i(v) = -7*v - 13. Let p = 47 + -45. Let w be (-6)/8*(p + 2). What is the units digit of i(w)?
8
Let y = 6246 - 2229. What is the thousands digit of y?
4
Let i = 2834 - -14251. What is the units digit of i?
5
Suppose -5*t = r + 9 + 30, 0 = -5*t + r - 31. What is the tens digit of t*10/(4/(-28)*2)?
4
Let b = -33353 + 51723. What is the units digit of b?
0
Let q(z) = 4*z**3 - 11*z**2 - 19*z + 126. What is the units digit of q(11)?
0
Suppose 0 = -8*c - 110 - 114. What is the units digit of (175/c)/(6/(-576))?
0
Suppose z + 10*z = 33. Suppose 1 + 23 = -z*t. What is the tens digit of (-186)/4*t/6?
6
Suppose 3*v - 5*r - 44 = 0, r - 18 = -5*v + 18. Suppose -v*z + 4 = -20. What is the tens digit of (-2)/(-2)*z + 39?
4
Suppose 22*p - 29*p = -315. Suppose -13*k + 59 + p = 0. What is the units digit of k?
8
Suppose 15 = 5*x, -133*g = -132*g - 3*x - 22012. What is the ten thousands digit of g?
2
Let b(p) = p**3 + 40*p**2 - 6*p + 52. What is the tens digit of b(-37)?
8
Let r = 122 - 122. Suppose r = 7*v + 8*v - 1530. What is the tens digit of v?
0
Let x(b) be the third derivative of 11*b**4/6 - 47*b**3/3 - 19*b**2 + 8*b. What is the units digit of x(12)?
4
Let p(z) = -z**3 + 5*z**2 - 2*z + 1. Let q be p(3). Suppose -q = h - 6. Let m(t) = 2*t**2 + 5*t - 10. What is the units digit of m(h)?
3
Suppose 13*q - 6765 = -23847. Let t = 2345 + q. What is the thousands digit of t?
1
Let i(k) = -k**3 + 5*k**2 - 3*k - 8. Let p be i(4). Let x = p + 170. What is the hundreds digit of x?
1
What is the tens digit of 540464/16 + -5 + (8 - 4)?
7
Suppose k - 5*k = -13397 - 15051. What is the units digit of k?
2
Let m(c) = c**3 + 2*c**2 - 3*c. Let l be m(-3). Suppose l*t = 2*t + 6. What is the tens digit of (1 + 2)/t - 29*-1?
2
Suppose 3*t - 869 = -842. What is the tens digit of (-24 + 180)/(t/48)?
3
Suppose 12*f - 6*f = 24. Suppose 3*k + 20 - 17 = 0, 3*p - f*k - 997 = 0. What is the tens digit of p?
3
Let v be (-18 - 300)/(3/(-2)). Let j be v/(-16) - ((-9)/4 - -2). Let c(r) = r**2 + r + 30. What is the units digit of c(j)?
6
Suppose -2*g - 7*g = -27. Suppose -f = g*a + 4, -7*a = -4*a - 12. Let z = f + 38. What is the units digit of z?
2
Let r(q) = q**2 + q. Let d be r(1). Suppose -9 + 177 = d*f. Let g = f + -69. What is the tens digit of g?
1
Let b be (-1110)/296*8/(-3). Suppose -b*s = 17*s - 2727. What is the units digit of s?
1
Let q = -8369 + 18435. What is the tens digit of q?
6
Let a = -12 + 15. Suppose 4*f + 2*u - 62 = -6, -a*u = 0. Suppose f*g - 3*g - 297 = 0. What is the tens digit of g?
2
Let h(p) = 2936*p + 145. What is the thousands digit of h(2)?
6
Let y = 14 + 3. Let g(t) = -9*t**2 - t**3 + y*t + 44 - 44. What is the tens digit of g(-11)?
5
Let q(u) = -391*u + 2. Let b be q(-3). Suppose -b = 7*z + 365. Let w = 400 + z. What is the hundreds digit of w?
1
Suppose -19*p + 11*p = -40. Suppose 0*a = 2*a - p*h + 479, -4*a = 4*h + 888. Let b = a + 367. What is the hundreds digit of b?
1
Let m(i) = i**3 - i**2 + i + 5. Let a be m(0). Suppose -a*t - 2*f = -17 - 939, 3*t - 5*f = 586. What is the hundreds digit of t?
1
Let y = 4742 - 2642. Let o = -813 + y. What is the thousands digit of o?
1
Let c = -32652 - -71822. What is the ten thousands digit of c?
3
Let o = -769 - -906. Suppose -2*p - o = -1817. What is the hundreds digit of p?
8
Suppose 6*h = 9*h - 9. Suppose h*w + 2 + 2 = -b, -2*w = 2*b + 8. Suppose -g - 3 = -w*g, 3*y - 399 = 5*g.